f 4472614?
False
Does 229 divide 23146620?
False
Is 49248 a multiple of 290?
False
Is 61 a factor of 416569?
True
Does 65 divide 2526615?
True
Does 19 divide 66120?
True
Is 276 a factor of 374256?
True
Does 167 divide 770175?
False
Does 87 divide 12999888?
True
Is 7 a factor of 214053?
True
Is 192 a factor of 2950272?
True
Does 40 divide 1840035?
False
Is 3922632 a multiple of 43?
True
Is 47 a factor of 42488?
True
Is 13201953 a multiple of 71?
True
Is 330 a factor of 1978590?
False
Is 416 a factor of 1143359?
False
Is 20878 a multiple of 146?
True
Is 93808 a multiple of 40?
False
Is 12 a factor of 161?
False
Is 184404 a multiple of 33?
True
Is 607169 a multiple of 41?
True
Is 3480382 a multiple of 23?
False
Is 315042 a multiple of 119?
False
Does 46 divide 281324?
False
Is 9 a factor of 123984?
True
Is 1468966 a multiple of 11?
False
Is 4890 a multiple of 81?
False
Is 39 a factor of 387251?
False
Is 8 a factor of 77666?
False
Is 93 a factor of 538470?
True
Is 144635 a multiple of 6?
False
Is 42 a factor of 1523970?
True
Is 40 a factor of 495057?
False
Is 287 a factor of 5794817?
True
Is 3251787 a multiple of 7?
True
Is 79337 a multiple of 11?
False
Is 199589 a multiple of 169?
True
Is 369005 a multiple of 162?
False
Is 412 a factor of 374508?
True
Does 59 divide 57753?
False
Is 50 a factor of 2537600?
True
Is 46 a factor of 460472?
False
Is 13 a factor of 1444404?
True
Is 139376 a multiple of 62?
True
Is 57 a factor of 419088?
False
Is 46 a factor of 181618?
False
Is 17 a factor of 85505?
False
Is 83 a factor of 1136309?
False
Is 3114936 a multiple of 423?
False
Does 56 divide 7365383?
False
Does 125 divide 163718?
False
Does 20 divide 11438910?
False
Does 153 divide 3078881?
False
Does 51 divide 359914?
False
Is 294 a factor of 2119152?
True
Is 493297 a multiple of 9?
False
Is 32592752 a multiple of 19?
True
Is 75 a factor of 8877857?
False
Does 467 divide 4481332?
True
Is 2837863 a multiple of 549?
False
Is 2663868 a multiple of 34?
False
Is 220088 a multiple of 11?
True
Does 12 divide 82224?
True
Does 330 divide 66000?
True
Does 113 divide 756472?
False
Does 294 divide 214955?
False
Is 936 a factor of 26853709?
False
Is 9113063 a multiple of 71?
True
Is 2934000 a multiple of 240?
True
Is 484419 a multiple of 16?
False
Is 200832 a multiple of 24?
True
Is 164256 a multiple of 58?
True
Does 111 divide 1211245?
False
Does 26 divide 58735?
False
Is 450214 a multiple of 48?
False
Does 23 divide 761815?
False
Is 31 a factor of 181289?
False
Is 328 a factor of 21976?
True
Is 330 a factor of 250456?
False
Does 63 divide 4382910?
True
Is 121968 a multiple of 242?
True
Is 2248026 a multiple of 500?
False
Is 38 a factor of 855912?
True
Is 67 a factor of 236443?
True
Does 4 divide 77277?
False
Does 7 divide 91126?
True
Does 57 divide 115445?
False
Does 405 divide 377302?
False
Does 473 divide 2434323?
False
Is 9 a factor of 7159419?
True
Is 791131 a multiple of 649?
True
Is 2488207 a multiple of 181?
True
Is 124 a factor of 186124?
True
Is 4 a factor of 12071?
False
Is 48 a factor of 3529940?
False
Does 64 divide 5508352?
True
Does 17 divide 1129149?
False
Does 286 divide 934746?
False
Is 186 a factor of 2454270?
True
Is 55 a factor of 480205?
True
Is 185 a factor of 157250?
True
Is 4 a factor of 9037088?
True
Does 167 divide 1111639?
False
Is 2738 a multiple of 717?
False
Is 480 a factor of 319680?
True
Is 2364 a multiple of 10?
False
Does 14 divide 363594?
True
Is 18 a factor of 6380316?
True
Is 57 a factor of 81846?
False
Is 8 a factor of 9428700?
False
Is 69 a factor of 659667?
False
Is 125 a factor of 132375?
True
Is 1461772 a multiple of 164?
False
Is 28143 a multiple of 9?
True
Is 661 a factor of 3433738?
False
Does 14 divide 810880?
True
Does 808 divide 9700040?
True
Is 700569 a multiple of 158?
False
Does 11 divide 306966?
True
Is 16 a factor of 1465833?
False
Is 12 a factor of 27092804?
False
Does 25 divide 45357?
False
Is 60 a factor of 146820?
True
Is 1409798 a multiple of 559?
True
Is 337 a factor of 369505?
False
Is 23 a factor of 10235?
True
Is 184 a factor of 366344?
True
Is 403 a factor of 283712?
True
Is 1402568 a multiple of 15?
False
Does 37 divide 236985?
True
Is 1761858 a multiple of 711?
True
Does 7 divide 36459?
False
Is 554 a factor of 1394749?
False
Does 12 divide 40476?
True
Is 3907739 a multiple of 14?
False
Is 8652 a multiple of 28?
True
Does 11 divide 10884225?
True
Is 23 a factor of 115218?
False
Is 42 a factor of 266087?
False
Is 11 a factor of 1044996?
False
Does 14 divide 6105226?
False
Is 1746824 a multiple of 536?
True
Is 23 a factor of 1618?
False
Does 6 divide 13135?
False
Does 16 divide 256640?
True
Does 46 divide 573899?
False
Is 64 a factor of 5576960?
True
Is 14319 a multiple of 21?
False
Does 541 divide 7886327?
False
Does 164 divide 85445?
False
Is 107641 a multiple of 16?
False
Does 65 divide 2373335?
False
Does 95 divide 9325020?
False
Is 9 a factor of 440260?
False
Does 27 divide 215454?
False
Does 12 divide 67718?
False
Does 18 divide 55212?
False
Does 106 divide 114668?
False
Does 159 divide 464439?
True
Is 99 a factor of 121538?
False
Is 101283 a multiple of 21?
True
Does 73 divide 1622790?
True
Is 3 a factor of 27107?
False
Is 168 a factor of 250656?
True
Is 2371680 a multiple of 38?
False
Is 15 a factor of 453210?
True
Does 15 divide 16305?
True
Does 30 divide 5463030?
True
Is 151063 a multiple of 175?
False
Is 23268497 a multiple of 174?
False
Is 206118 a multiple of 9?
True
Is 376 a factor of 402320?
True
Is 1346604 a multiple of 27?
False
Is 15 a factor of 24033246?
False
Is 473 a factor of 259204?
True
Is 65928 a multiple of 3?
True
Does 44 divide 40128?
True
Does 5 divide 51650?
True
Does 80 divide 760504?
False
Is 71 a factor of 1105257?
True
Does 735 divide 3808245?
False
Is 882934 a multiple of 732?
False
Is 45 a factor of 8133634?
False
Does 191 divide 11761016?
True
Is 37 a factor of 406445?
True
Is 22222928 a multiple of 16?
True
Is 928 a multiple of 2?
True
Is 2665960 a multiple of 259?
False
Is 408 a factor of 11471736?
True
Is 52712 a multiple of 48?
False
Is 21 a factor of 75046?
False
Is 460165 a multiple of 174?
False
Is 6006 a multiple of 26?
True
Is 1634016 a multiple of 78?
False
Is 180 a factor of 2786594?
False
Is 6588 a multiple of 5?
False
Is 1291457 a multiple of 39?
False
Is 218 a factor of 3838846?
False
Is 152639 a multiple of 110?
False
Is 68452 a multiple of 436?
True
Is 779194 a multiple of 26?
True
Does 14 divide 178729?
False
Is 603 a factor of 135834?
False
Does 266 divide 45010?
False
Does 294 divide 7970340?
True
Is 56 a factor of 15120?
True
Is 290532 a multiple of 22?
True
Is 3364898 a multiple of 41?
False
Does 106 divide 23652?
False
Is 2 a factor of 29995?
False
Does 93 divide 2077062?
True
Does 28 divide 2014928?
False
Does 9 divide 207203?
False
Is 68 a factor of 507824?
True
Is 35 a factor of 12285?
True
Is 19 a factor of 14024083?
False
Is 132080 a multiple of 5?
True
Does 65 divide 6759444?
False
Is 232 a factor of 3341728?
True
Is 191865 a multiple of 3?
True
Is 191932 a multiple of 52?
True
Is 16589342 a multiple of 242?
True
Is 282981 a multiple of 14?
False
Is 997 a factor of 2983385?
False
Is 180 a factor of 110156?
False
Does 11 divide 18282?
True
Does 8 divide 6253280?
True
Is 2 a factor of 8645?
False
Is 19148423 a multiple of 76?
False
Does 5 divide 365840?
True
Is 11 a factor of 2904000?
True
Is 561 a factor of 2237475?
False
Is 265772 a multiple of 26?
True
Does 65 divide 228280?
True
Is 1154262 a multiple of 283?
False
Is 315 a factor of 749182?
False
Is 1718394 a multiple of 289?
True
Is 104 a factor of 39457?
False
Does 426 divide 1451228?
False
Does 4 divide 74015?
False
Is 47 a factor of 859912?
True
Is 22407729 a multiple of 12?
False
Does 210 divide 26670?
True
Is 25 a factor of 122175?
True
Does 14 divide 6514115?
False
Does 138 divide 649659?
False
Does 54 divide 12960?
True
Does 207 divide 1149264?
True
Is 616968 a multiple of 4?
True
Does 537 divide 785631?
True
Does 22 divide 1536265?
False
Is 20 a factor of 66441?
False
Is 23650 a multiple of 47?
False
Is 1476072 a multiple of 39?
True
Is 9 a factor of 327168?
True
Is 1367541 a multiple of 75?
False
Is 1832350 a multiple of 26?
True
Is 1547532 a multiple of 92?
True
Is 7 a fact